 + s - 5*s + 6*s**2 + 2. Let q(p) = 379*p + 382. Let b be q(-1). What is o(b)?
17
Let d(l) = -l - 4. Let x(q) = 1. Let a(r) = 19*r + 79. Let z(t) = a(t) - 3*x(t). Let u be z(-4). Give d(u).
-4
Suppose -4*o - 3*m = 8, -5*m + 0*m + 20 = 0. Let s(x) = -7*x**2 + 916*x**3 - 1976*x**3 - 7*x - 4 + 1059*x**3. Give s(o).
-19
Let v(u) = 5*u + 8. Let g(z) = -22*z - 33. Let o(b) = 2*g(b) + 9*v(b). Let f(j) = j**3 + j**2 - j - 10. Let s be f(0). Determine o(s).
-4
Let t(b) = -98 - b**2 + 396 + 22*b - 257. Calculate t(24).
-7
Let x(z) be the first derivative of -z**4/4 + 13*z**3/3 - 39*z**2/2 - 10*z + 2226. Give x(5).
-5
Suppose 5*o = -2*i + 18, 16 = -6*o + 8*o + 3*i. Let b(v) = -258*v + 4*v**o - v**2 - 3 + 255*v - v**3. What is b(3)?
-12
Let j(n) = -n**2 + 3*n + 21. Let c be j(-3). Suppose 0*f + 30 = c*f. Let b(h) = 2 - 3*h - h**3 - 6*h + f*h. Determine b(2).
-4
Let z(k) = -k + 10. Suppose 558 = -23*m + 17*m. Let g = m + 103. Calculate z(g).
0
Let f(w) = 7*w**3 - 6*w**2 + 8*w - 2. Suppose 4 = 4*q - 4*v, 103*q + 5*v = 100*q + 3. What is f(q)?
7
Let j = 66 + -63. Suppose 0 = 4*b - j*p - 26 + 131, -57 = 3*b + 5*p. Let m(w) = w + 31. Let k be m(b). Let n(i) = i**3 - 7*i**2 + i - 5. Give n(k).
2
Let t(c) = -39 - 518*c**2 - 482*c**2 + 999*c**2 + 21*c. Calculate t(18).
15
Suppose -2*x - 3*g - 5 - 1 = 0, -x - 8 = -g. Suppose -28*w - 16 = -32*w. Let d(a) = -12 + 4*a + w + 7. What is d(x)?
-25
Let t(o) = -o**2 + 4*o + 3. Let p(i) = -2*i**3 + 10*i**2 + 6*i + 10. Let w be p(6). Let r be ((-30)/w - 1) + (-392)/182. Calculate t(r).
-9
Let z = -24196 - -24203. Let d(o) = 2*o**2 - 6*o - 16. Determine d(z).
40
Suppose -13*b = -18*b + 10. Suppose 3*u = 3*h - 522, 0*u = -4*h - 4*u + 736. Let v(k) = -179*k + 1 + k**2 + h*k. Determine v(b).
5
Let m(p) = 2*p**2 + 20*p - 11*p**2 + 13 - 6*p**3 - p**3 + 16*p**3 - 11*p**3. What is m(-6)?
1
Let b be 6/(-4)*(-6)/(-3). Let a(p) = 3*p + 4. Let c(z) = 13*z + 8. Let i(j) = -6*j - 4. Let t(r) = 3*c(r) + 7*i(r). Let s(o) = 6*a(o) + 7*t(o). What is s(b)?
5
Suppose 0 = 35*m - 97*m + 248. Let t(o) = 5*o - 14. What is t(m)?
6
Let m(f) = -35*f**3 - 3*f**2 - 50*f - 47. Let d(w) = -132*w**3 - 11*w**2 - 198*w - 187. Let k(b) = 4*d(b) - 15*m(b). Give k(-1).
3
Let f(u) = -70*u + 17. Let x(k) = -237*k + 51. Let l(q) = -7*f(q) + 2*x(q). Determine l(4).
47
Let w(i) = -i**3 - 7*i**2 - 5*i - 1. Suppose -20*b + 2340 = -10*b. Let p = b - 240. Give w(p).
-7
Let b(s) = 166*s - 417*s + 2 + 250*s. Suppose 3*p + 1 = -z + 8*p, 0 = 4*z + 2*p + 26. Determine b(z).
8
Let g(o) be the third derivative of -o**4/8 + 3*o**3/2 + 2*o**2. Let y be 20/40 - (-106)/(-4). Let f = y + 32. What is g(f)?
-9
Let o(t) = t**2 - 6*t - 7. Let z(m) = m - 4. Let x be z(7). Suppose x*p - 64 - 41 = 0. Let h = p - 29. Give o(h).
-7
Let w be 15/6*28/(-35). Let z(t) = 5*t + 5. Let d(f) = 4*f + 6. Let m(b) = w*d(b) + 3*z(b). Calculate m(-2).
-11
Suppose -5*z = -5*r + 3*r, 2*z + 5*r = 29. Suppose -z = -7*l + 26. Let a(i) = 5*i - l*i - 5*i + 3*i. What is a(6)?
-6
Let q(d) = d**2 - 7*d + 2. Suppose 52*t = 48*t + 128. Let x be (44/t - 1)/(1/8). Give q(x).
-10
Let p(c) = 2*c**2 + 27*c - 16. Let n be p(-14). Let w(a) = 4*a**2 - 6*a - 6. Let v be w(n). Let g(i) = -38*i - 2*i**2 + v*i + 20*i + 1. Calculate g(3).
-5
Let t(g) be the third derivative of -g**6/120 + 25*g**4/24 - g**3 + 7382*g**2. Give t(5).
-6
Let p(q) be the third derivative of 1/4*q**4 + 2*q**2 + 19 + 0*q**3 + 0*q. Determine p(-1).
-6
Suppose 9*s = -44 + 98. Let x(o) = 4*o - 20. Give x(s).
4
Let j(f) = -7*f**2 + 6*f**2 - f**2 + 99*f + 76 - 104*f + f**2. Determine j(-12).
-8
Let m be -4 - (3 + (0 - 4)). Suppose 0 = -4*o + 3*g + 3982, -5*o + 6*g - 4*g = -4974. Let b(c) = -992 + c**2 + o + c**2 + 2*c. What is b(m)?
14
Let x be 7/(112/(-72))*2 - 12. Let a(n) = -2*n**2 - 39*n + 66. Give a(x).
3
Let w(d) = -d + 2 - 5 + d**3 + d**2 + 7. Suppose 0 = -553*u + 497*u. Determine w(u).
4
Let q(y) be the third derivative of -39*y**2 - y - 3*y**3 + 0 + 0*y**5 + 1/24*y**4 + 1/120*y**6. Determine q(0).
-18
Let k(q) = -2*q - 7. Let f be k(-5). Suppose -11*h + f*h + 24 = 0. Let v(a) = -5*a**2 + h*a - 4*a + 6*a**2 - 1 + 0*a**2. Determine v(2).
1
Let n(z) = -z**2 - 58251*z**3 - z**2 - z**2 + 58250*z**3 - 4*z**2 + 2*z. Let b = -2 + -5. Calculate n(b).
-14
Let k be (4/(-10))/(2/10). Let s(t) = t**3 - t**2 - 2*t + 2. Let a be s(0). Let l(y) = -7*y**a + 42*y**2 - 38*y**2 - 3 - 3*y. Give l(k).
-9
Let z(g) be the third derivative of -g**6/120 + 4*g**5/5 + g**4/24 - 8*g**3 + 3*g**2 - 69. Calculate z(48).
0
Suppose -26*z - 1 + 79 = 0. Let m(p) be the first derivative of -p - 1/3*p**z + 0*p**2 + 16 + 1/4*p**4. Calculate m(0).
-1
Let z(s) = -4*s**2 - 39*s + 8. Let l be z(-10). Let h(c) = 2*c**3 + 3*c**2 - 4*c - 1. Calculate h(l).
3
Let s(m) = 9*m**2 + 4*m**2 - 3*m**2 - 12*m**2 + 7 - 6*m + 3*m**2. Suppose 0 = 44*u - 358 + 94. Determine s(u).
7
Let m(t) be the first derivative of -t**4/4 + 4*t**3 - 19*t**2/2 - 15*t - 1013. What is m(10)?
-5
Let o(n) = n**3 + 24*n**2 + 53*n - 1. Let c(m) = -m**3 - 26*m**2 - 54*m. Let d(s) = -2*c(s) - 3*o(s). Give d(-17).
3
Let c(h) = h**3 + 17*h**2 - 38*h + 2. Let u(l) = l + 10. Let g be u(-29). Give c(g).
2
Let g(d) = 43*d**2 - 431*d + 4. Let o be g(10). Let x(q) = 2 - 11 + 2 - 4*q + 2*q. Calculate x(o).
5
Let r(i) = -19*i**3 - 10*i**2 - 10*i - 5. Let m(b) = -15*b**3 - 8*b**2 - 9*b - 5. Let z(h) = 5*m(h) - 4*r(h). Calculate z(-1).
-1
Let d(t) = 65*t - 6. Let y(w) = -49*w + 5. Let c(a) = -4*d(a) - 5*y(a). Determine c(2).
-31
Suppose 19 - 3 = 4*d. Suppose u = -a + 9, -d*a - 5*u + 8*u + 1 = 0. Let t(y) = -4 + 4 + y**3 + y - a*y**2 + 4 + 0*y. Determine t(3).
-2
Let n(l) = 0 - 14*l - 1 + 4*l. Let c(i) = -54*i - 1135. Let h be c(-21). Determine n(h).
9
Let r be (2 - (2 + 0))/(3 - 2). Let x(v) = -11*v + 26. Let g(j) = -7*j + 28. Let t(c) = -3*g(c) + 2*x(c). Calculate t(r).
-32
Suppose 0 = -1748*h + 1804*h + 560. Let v(k) = -k**3 - 11*k**2 - 13*k - 6. Give v(h).
24
Let o(n) be the first derivative of 2*n**3/3 + 7*n**2/2 - 8*n + 7930. Calculate o(-9).
91
Let v(j) be the second derivative of -3*j**5/20 + 5*j**4/12 - 2*j**3/3 - j**2/2 + 675*j + 2. Determine v(3).
-49
Suppose 3*b - 3 - 1191 = 0. Suppose -399*r = -b*r. Let y(f) = f**2 - f + 19. Determine y(r).
19
Let d(k) = 195 + 254 + 254 + k**2 + 246 - 949 + 14*k. Let r = -14 + 1. Give d(r).
-13
Let r(u) be the first derivative of 2/15*u**6 + 0*u**4 + 0*u + 13/2*u**2 - 1 + 1/60*u**5 + 0*u**3. Let q(p) be the second derivative of r(p). Determine q(1).
17
Let x(p) = 9*p**2 + 6*p + 21. Let o(d) = 16*d**2 + 12*d + 38. Let y(c) = 5*o(c) - 9*x(c). Let r be (9/6)/((-9)/(-48)). What is y(r)?
-15
Let n(k) = -2*k**2 + 31*k + 23. Suppose 51 - 629 = -34*s. Calculate n(s).
-28
Let u(y) = -y**2 + 42*y. Let l(i) = 11*i**2 - 507*i + 5. Let o(k) = -l(k) - 12*u(k). Give o(-3).
-5
Suppose -1001*o - 15 = -1006*o - 5*a, -o + 4*a + 18 = 0. Let c(j) = 3*j**2 + 2*j + 1. Calculate c(o).
121
Let a(r) be the first derivative of -r**5/20 - 2*r**4/3 - 2*r**3/3 - 5*r**2/2 - 11*r - 52. Let z(b) be the first derivative of a(b). Calculate z(-7).
-26
Let s be (-122 + 134)*(4/(-12))/1. Let d(a) = -7*a**2 + 5*a + 6. Determine d(s).
-126
Suppose -9*d = -232 + 241. Let o(i) = -29*i**3 - 1. Determine o(d).
28
Let p(o) = 3*o**2 + 33*o - 7. Let t be (22/18*-3)/(20/60). Determine p(t).
-7
Let v(y) = -3*y**2 + 14*y + 40. Let f(j) = -8*j**2 + 41*j + 113. Suppose 2*l = -5*t + 61, -7*t + 12*t - 5*l = 40. Let o(s) = t*v(s) - 4*f(s). Give o(-5).
13
Let l(h) be the second derivative of 5*h**3/6 + 27*h**2/2 + 26*h + 1. Let b be l(-8). Let r(z) = -z**2 - 13*z - 7. Give r(b).
-7
Let t(y) = -9*y - 1. Let d(l) = -l**3 - 11*l**2 - 8. Let z be d(-11). Let m = 13 + z. Let o(p) = -p**3 + 4*p**2 + 3*p + 11. Let n be o(m). Give t(n).
-10
Let x(j) = -8*j + 1. Suppose -5*p + 6*r - 23 = 2*r, 2*p - 2*r = -8. Let i = p - -9. Suppose d - 2*a = 4, i*d + 7 = -0*d - a. Calculate x(d).
17
Suppose -3*u + 143 = 26. Suppose -3234 = 3*n - 3120. Let d = u + n. Let p(c) = 4*c. What is p(d)?
4
Let x(i) = -i**2 + 5*i + 7. Let b(m) = m**2 + 22*m - 399. Let d be b(-34). Give x(d).
-29
Let y(g) = 17*g + 205. Let k be y(-11). Let o(i) = i**2 - 21*i + 53. Calculate o(k).
-1
Let j(m) = -m**3 - 14*m**2 - 8*m + 70. Let g(f) = -11*f**2 + 352*f - 13. Let k be g(32). What is j(